u) = -2*u + 7. Let a(x) = 11*l(x) - 4*t(x). Suppose -41*y + 92*y = 54*y - 6. What is a(y)?
1
Let b(m) be the third derivative of -m**6/120 + m**5/60 + 7*m**4/24 + 5*m**3/6 - 2*m**2 + 18*m + 2. Determine b(0).
5
Let u be 111/(-222) - (-2)/(-4). Let g(c) = 35*c**2 + 3*c + 2. Determine g(u).
34
Let w(q) = 2*q - 61. Suppose 0 = -2449*k + 2456*k + 29 - 197. Give w(k).
-13
Let a(p) = p**2 - 5 - 2*p + 3*p + 1. Let h be (3/18 + (-1)/6)/(-2). Suppose 2*g - 2*o = 1 - 3, h = 5*g + 5*o + 25. Determine a(g).
2
Let y(j) = 9*j - 39. Let g(i) = 11*i - 53. Let d(n) = -6*g(n) + 5*y(n). Determine d(8).
-45
Let l(x) = 158*x. Let s(m) = -933*m - 216. Let z(i) = -6*l(i) - s(i). Calculate z(13).
21
Let y(z) = -z**3 + 10*z**2 - 5*z + 53. Let j be y(10). Let n(b) = -13*b - 2. Let u(w) = 12*w + 2. Let l(d) = j*n(d) + 4*u(d). Give l(2).
20
Let j(h) = -h**3 + 3*h**2 + h. Let o = 231 + -226. Suppose 5*m = 2*f + 4 + o, 0 = 2*f - 2*m. What is j(f)?
3
Let m(i) = 55*i + 77*i - 124*i + 11. Give m(-3).
-13
Let s(u) = -190*u + 28 + 116*u + 65*u. Give s(3).
1
Let j = -255 - -253. Let m(v) = -50*v - 104. Let p be m(j). Let z(b) = -b**2 - 5*b - 9. Calculate z(p).
-5
Let b be (-1)/(1/(-12)*(-3 - -1)). Let k(t) = -2*t + 21. What is k(b)?
33
Suppose -4*w + 56 = g + g, 5*w = -3*g + 79. Suppose -a + g = 15. Suppose -u - 4*d + 1 = 0, -a*d = 2*u - 3 + 6. Let m(c) = -c**2 - 5*c - 4. Determine m(u).
2
Let g(p) = p**3 + 4*p**2 + p + 3. Let w = -30 + 41. Suppose -z + 9 = -w. Suppose -9*b - z = 7. Calculate g(b).
9
Let y(z) = 9*z - 206. Let s be y(22). Let t(m) = -7*m - 30. Calculate t(s).
26
Let v(r) = 2*r - 2*r - 34*r**3 - 1 + 2*r**2. Suppose 5164*z = 966*z - 456 - 2548 - 1194. Determine v(z).
35
Suppose 40 = 3*p - 5*j, 19 = p - j + 7. Suppose -10*d = -8*d - p. Let i(u) = -2*u. Calculate i(d).
-10
Let a(i) be the first derivative of 2*i**3/3 - 9*i**2 + 10*i + 244. What is a(8)?
-6
Let n(d) = d**3 - d**2 - 33. Let o(h) = -5*h**3 + h**2 + 18*h + 136. Let k(z) = 4*n(z) + o(z). Calculate k(-6).
4
Let i(l) = l - l**2 + 8 - 1 + 1. Let h be (61 - 56) + 3 + -8. Calculate i(h).
8
Let z(d) = 20*d - 324. Let p be z(16). Suppose 0 = k + k - s - 8, 2*s = 0. Let l(q) = -11 - k - 5*q + 9. Calculate l(p).
14
Let q(m) = m**2 + 2*m. Let d = -3109 - -3109. What is q(d)?
0
Let i = -252 + 254. Let r(t) be the first derivative of -14 + 4/3*t**3 - 1/4*t**4 - t**2 + 0*t. What is r(i)?
4
Let r(m) be the third derivative of 0*m + 1/20*m**5 + 62*m**2 - 1/6*m**3 + 0 + 1/24*m**4. What is r(1)?
3
Let m(r) = -4*r**2 - 5*r + 76. Let p(h) = 5*h**2 + 6*h - 102. Let x(z) = -4*m(z) - 3*p(z). Let g = 5 - 9. Let v be (3 + g)*2 - 1. Determine x(v).
5
Suppose -5*a - 3*i + 12 = 28, 2*i - 2 = 3*a. Let q(s) = 3*s**3 - s**2 - 2*s - 3. What is q(a)?
-27
Suppose 4*f - 10 - 2 = 0. Let k(j) = -49*j**2 + 17*j - 7. Let x(g) = 31*g**2 - 11*g + 4. Let p(o) = 5*k(o) + 8*x(o). Give p(f).
15
Let k(u) = -28*u**2 + 530*u + 23. Let l be k(19). Let t(d) = -d**2 - 14*d. Determine t(l).
-15
Suppose -294*q + 180 = -249*q. Let d(t) = t**2 - t + 2. Determine d(q).
14
Let u(c) = c**2 - 5*c - 8. Suppose 4*k + 3*v = 4, -5*v = -2*k + 4*k - 16. Let m be ((-18)/k)/9 + 5*1. What is u(m)?
-2
Suppose k = -0*k + 81. Suppose 3*n + u - 191 = 0, -5*n - u + 236 = -k. Let y = n + -58. Let g(j) = -j. Give g(y).
-5
Let n(d) = -d**2 - 2. Let q(w) be the first derivative of w**3 - 11*w**2/2 - 15*w - 291. Let o(c) = -4*n(c) - q(c). What is o(-6)?
-7
Suppose -393*g + 4628 = -37*g. Let s(w) = 4*w**2 - 51*w - 9. Calculate s(g).
4
Suppose 4*x = -5*i - 1, -2*x = -4*i - 10 - 22. Suppose 0 = 3*z + p - x*p - 34, 3*z - 24 = 3*p. Let d(a) = 2 - z*a + 0*a + 3 + 2 - 5*a**2 + a**3. Calculate d(5).
-8
Let p(x) = -8*x - 36. Let a be p(-5). Suppose 0 = 4*b + a, 2*b - 14 = -4*w + 8. Let q(f) = f**3 - 5*f**2 - f + 1. Calculate q(w).
31
Let c(u) be the second derivative of u**4/12 + u**3/6 - u**2/2 + 18*u + 174. Let o = 3 + -5. What is c(o)?
1
Let t(x) = -x**3 + 5*x**2 + 4*x + 19. Suppose -4*k = -3*f - 9, 5*k = -11*f + 9*f + 40. What is t(k)?
7
Let t(r) = 0 + 10*r - r**2 - 4*r - 3 - r - 1. Let o(n) = -n**2 - 5*n - 3. Let p be o(-3). Determine t(p).
2
Let g(y) = y**3 - 6*y**2 + 5*y - 3. Let t(u) be the second derivative of -u**5/20 + 23*u**4/12 - u**3/6 + 14*u**2 - 48*u. Let h be t(23). Determine g(h).
-3
Suppose 135*j - 136*j + 2*h = 5, j - h = -10. Let i(w) = -w**3 - 14*w**2 + 11*w - 23. Calculate i(j).
37
Let l(x) = x**3 - 7*x**2 + x - 7. Let q(a) = a - 15. Suppose -4*m - 7*f = -2*f - 66, 2*m + 3*f = 34. Let j be q(m). Let t be (-48)/12 + (-11)/j. Give l(t).
0
Let q(l) = -l**2 - 14*l + 33. Suppose 5*n = -f - 9, 14*f - 10*f = -2*n - 54. Let a be (((-224)/(-40))/f)/((-2)/(-80)). Determine q(a).
1
Let b(u) be the second derivative of u**3/6 - 9*u**2/2 + 560*u. Give b(10).
1
Suppose -3*x = -13*x - 20*x - 480. Let j(m) = m**3 + 16*m**2 + 6. Determine j(x).
6
Let f(i) = -4*i**2 - 30*i - 13. Let m(w) = -2*w**3 - 59*w**2 + 33*w + 83. Let r be m(-30). Give f(r).
1
Let g(i) be the third derivative of -15*i**4/8 - 65*i**3 + i**2 + 579*i - 1. Calculate g(-9).
15
Let z(j) = -3*j + 3. Suppose -3*f - 18*o + 13*o = 51, 0 = 2*f - 4*o + 12. Let d be f/(-2) + 78/(-13). What is z(d)?
3
Suppose 77 = -h + 88. Let w(x) = -13 - h + 27 - x. Give w(4).
-1
Suppose 27*d = 13640 - 13748. Let n(f) = f**3 - 2*f**2 - 22*f + 1. Give n(d).
-7
Let o(z) = -4*z - 3. Suppose 6*v + 27 = 3*v. Let u be 3*(105/v)/5. Give o(u).
25
Let n(i) = 13 + i**3 + 0*i**3 + i - 22 - i**2 + 10. Suppose 0 = -2*z + 8*z - 4*z. Let u be n(z). Let y(a) = 5*a. What is y(u)?
5
Let h(s) be the first derivative of 4*s**3/3 - 11*s**2 + 15*s - 487. What is h(5)?
5
Let c(q) = -4*q + 16. Let y be c(3). Suppose -2*x - y*x + 18 = 0. Let g(d) be the second derivative of d**3/6 - 3*d**2/2 - 2*d. Calculate g(x).
0
Let h = 19 + 31. Let g be -1 + 0 - (13 - h). Let s be (-8)/(-6)*g/24. Let w(a) = -7*a + 3. Give w(s).
-11
Suppose -5*y + 346 = 86. Let v = 58 - y. Suppose -32 = v*u + 4. Let g(m) = -m**2 - 3*m + 6. Calculate g(u).
-12
Let p = 11442 - 22883/2. Let o(k) be the first derivative of -15 - p*k**2 - 7*k. Determine o(-5).
-2
Let n(c) be the first derivative of c**4/4 + 5*c**3/3 + 2*c**2 + 2*c - 770. Let j = -8 - -4. Give n(j).
2
Let q(i) = -i**3 - 14*i**2 + 10*i - 2. Let o = 3380 - 3395. What is q(o)?
73
Let p(n) be the second derivative of n**4/12 - 3*n**3/2 - 10*n**2 - 762*n. Determine p(12).
16
Let b be (1 - (-6 - 170/(-30)))/8. Let p(w) be the second derivative of 0 + w**2 + b*w**3 + 21*w. Calculate p(-3).
-1
Let g(z) = -12*z**2 + 2*z + 761 - 763 + 0*z + z**3 - 2*z**3 - 3*z. Give g(-12).
10
Suppose -5*y + 0 = -5, -p - y = -4. Suppose 37 = 8*a - p. Suppose 0 = -3*q - 5*h - a - 0, 3*h - 25 = q. Let l(m) = -m**3 - 9*m**2 + 9*m - 5. Calculate l(q).
5
Let t(r) = 3*r - r**2 + 2*r**2 - 2 - 2*r + 4*r. Let m(u) = -u**3 - 4*u**2 + 9*u + 15. Let p be m(-5). Calculate t(p).
-2
Let s(h) = h**2 + 2*h - 5. Suppose 11*c + 2*n + 110 = 15*c, -3*c - 4*n = -88. Suppose c*u - 6 = 29*u. Calculate s(u).
19
Suppose 2*j = -8*j + 36*j - 0*j. Let g(y) = -y**3 - y**2 + 2*y + 16. Calculate g(j).
16
Let g(o) = o**3 - o**2 - 4*o - 1. Let w = 289 - 455. Let f = w + 169. Calculate g(f).
5
Let x(u) = 2200 - 2196 + 74*u**2 - 73*u**2 - 25*u. Give x(23).
-42
Let d(g) = 2*g - 21. Let c(z) = -2. Let i(l) = 4*c(l) - d(l). Let x(a) = -a**2 - 6*a. Let j be x(-5). Give i(j).
3
Suppose 6*x = -19*x - 31*x + 392. Let r(t) = t**3 - 5*t**2 - 3*t - 24. Calculate r(x).
53
Suppose 0 = -5*u + 136 - 116. Let c(z) = -2*z + 4 - z**3 + u*z + 613*z**2 - 611*z**2 - z. Determine c(0).
4
Let u(j) = 3*j - j**3 - 8*j**2 + 4*j - 5 + 2*j. Let s(i) = -i**3 - 9*i**2 + 10*i - 4. Let b = 794 + -798. Let y(c) = b*u(c) + 3*s(c). Give y(-6).
8
Let i(p) = p**2 + p - 14. Let b be i(-4). Let r(w) = 5*w**2 + 20. Let q(s) = 12*s**2 + s + 47. Let v(o) = -3*q(o) + 7*r(o). Calculate v(b).
1
Let t(w) = 4 + 5*w - 2*w - 2 - w. Suppose 0 = 3*q + 20 + 70. Let y = -34 - q. Calculate t(y).
-6
Let c(o) be the first derivative of -3*o**2/2 - 3*o + 4501. Let f be (1 - 0)/(4/12). What is c(f)?
-12
Suppose -263*t = -274*t - 44. Let g(n) = 0*n + 0*n**2 + n**2 + n. Determine g(t).
12
Let h(m) be the first derivative of 5*m**3/3 + 77*m**2/2 - 33*m - 72. Let g be h(-16). Let t(v) = v - 5. Calculate t(g).
10
Let r = 34 - 28. Suppose -4*p + 4445 +